l + n*l. Determine t(l).
-1
Suppose -8 - 66 + 8 = 33*h. Let r(c) = -10*c**3 - c**2 + 6*c + 8. Give r(h).
72
Let h(m) = -5*m - 494. Let p(r) = -3*r - 401. Let g(l) = -4*h(l) + 5*p(l). Determine g(8).
11
Let n be 2/13 - 588/273. Let d(x) = 3*x**2 - 11*x - 17. What is d(n)?
17
Let n = -7510 + 7515. Let p(z) = -4*z**2 + 10*z + 8. Calculate p(n).
-42
Suppose -304*l - 1 = -328*l + 23. Let b(m) = -m - 2. Let a be b(-6). Let h(y) = -8 + 3 + a + 2*y - 5*y. What is h(l)?
-4
Let f(l) = 2*l**3 - 3*l**2 + 3. Let z(q) = 81*q + 2833. Let s be z(-35). Determine f(s).
-25
Let v(l) = -7*l**3 + 28*l**2 + 54*l + 72. Let z(f) = -31*f**3 + 114*f**2 + 218*f + 290. Let r(w) = 9*v(w) - 2*z(w). Calculate r(26).
16
Let v(n) = -87*n**2 + 255*n - 292. Let r(x) = 38*x**2 - 109*x + 125. Let i(k) = 16*r(k) + 7*v(k). Calculate i(40).
-4
Suppose -9*n + 6*n = 4*u + 11, 31 = -3*n + u. Let r(o) = 4*o + 34. Determine r(n).
-2
Suppose 623 = -p - 447. Let n be 1/((-21)/9) - p/14. Let f = -74 + n. Let c(m) = -2*m**2 - m - 2. Give c(f).
-12
Let o(x) be the first derivative of x**3/3 - 7*x**2/2 - 19*x + 236. Let h(q) = -1. Let c(r) = -2*h(r) + o(r). Determine c(8).
-9
Let s(i) = -i**2 + 5*i + 5. Let j be 22 + -21 - 4/(-1). Let k = 2 - j. Let h be (-4 - k)*(1 - 6). Determine s(h).
5
Let b(p) = -665 + 1396 + 2*p - 733. Let g be 0/(1/1*1). Give b(g).
-2
Let r(z) = 3*z + 8. Let j(q) be the third derivative of -q**4/24 - 6*q**2. Let y(l) = 4*j(l) + r(l). Let t be (-1)/(-9) - 213/(-27). What is y(t)?
0
Let m(f) = 3*f**2 - 4*f - 4. Let u(y) = -y**2 - 7*y - 12*y - 7*y + 13 + 34*y. Let l = -272 + 281. Let h be u(l). What is m(h)?
28
Suppose -150 = 23*x + 11. Let w(u) = 3*u**3 - 16*u**2 - 14*u + 11. Let d(z) = 5*z**3 - 31*z**2 - 27*z + 21. Let i(o) = x*w(o) + 4*d(o). What is i(-11)?
-4
Let f(h) = -235590382*h**2 - 9 + 235590376*h**2 + 0*h**3 - h**3 - 12*h. Determine f(-4).
7
Suppose 5*w = 4*w. Let f(s) = 3*s**3 - 3*s**2 + 8*s + 53. Let i(a) = 5*a**3 - 5*a**2 + 13*a + 79. Let c(q) = -8*f(q) + 5*i(q). Determine c(w).
-29
Suppose 0 = 379*l - 395*l + 160. Let t(s) = s**2 - 16*s + 24. What is t(l)?
-36
Let m(x) = x + 5. Let u = 136 - 132. Let a be m(u). Let w(b) = -27 + 15 + 8*b**2 + 24 - b**3 + 9*b. What is w(a)?
12
Let g(q) = q**3 - 5*q**2 + 5*q - 4. Suppose -71*n + 69*n = -8. Suppose a = -n*f + 14, 9*f + 5*a = 14*f - 30. Calculate g(f).
0
Let d = 4054 + -4064. Let v(x) = x**2 + 15*x + 6. Calculate v(d).
-44
Let x(f) be the second derivative of -f**4/12 + 2*f**3 - 11*f**2/2 - 1773*f. Calculate x(11).
0
Let k(j) = j + 12. Let g = 1269 - 1276. Calculate k(g).
5
Let z(f) be the first derivative of -1 + f - 1/2*f**2. Let w be 5*(2/(-11))/(28/(-154)). Calculate z(w).
-4
Let a(c) be the third derivative of c**5/15 - c**4/6 + c**3/3 + 64*c**2 + 10. Give a(1).
2
Let u(c) be the first derivative of c**4/4 + 8*c**3 + c**2/2 + 22*c - 1306. Determine u(-24).
-2
Suppose 0 = -x - 3*d + 26, 5*d - 9 = 2*d. Let p(q) = 38121*q**2 + 74 - 38122*q**2 - 29 - 26 + 16*q. Give p(x).
2
Let c = -32 - -32. Suppose 3*v - 3*s + 33 = c, -v = v - 5*s + 10. Let r be (v/5)/3*3. Let f(h) = h**2 + 3*h - 2. Determine f(r).
-2
Suppose -3*c + 0 = -9 - 3. Let g(s) = -s**2 - 70*s + 299. What is g(c)?
3
Let m(o) = o**3 - 5*o**2 + 4*o - 5. Let x(s) = 2*s**2 - 14*s - 32. Let n = 36 + -38. Let a be x(n). Calculate m(a).
-5
Let z be -2*(15/50)/(8/120). Let o(s) = 5*s**2 + 44*s - 14. Calculate o(z).
-5
Let j(r) = 252*r - 246. Let g be j(1). Let i = 1597 + -7. Let x(b) = i*b**2 - 1584*b**2 + 0*b**3 - b**3 + g*b + 0 + 2. What is x(7)?
-5
Let z(n) be the second derivative of -2*n**2 - 94*n + 0 - 1/6*n**3. Determine z(0).
-4
Let b be (0 + 6)*(-6)/9. Let l(w) = 3*w**2 + 2*w + 1. Let k(x) = -11*x**2 - 9*x - 8. Let t(v) = k(v) + 3*l(v). Calculate t(b).
-25
Let l be ((-52)/8 + 0)*(-4 - (-11 + 9)). Let a(b) = -b**3 + 14*b**2 - 30*b + 220. Give a(l).
-1
Let s(m) = -m + 4*m**2 - m**3 + 91 - 28 - 33 - 27. Give s(3).
9
Suppose -7*j = 7*j - 14784. Suppose -j - 372 = 17*h. Let d = h - -79. Let r(c) = c**3 + 6*c**2 + 5*c - 6. Calculate r(d).
-6
Suppose -31*h + 1342 = -20*h. Suppose -15*q - h = -17. Let r(i) = -3 + i**2 + 1 - 1 + 6*i. Determine r(q).
4
Suppose -86*k = -37*k - 1547 + 518. Let s(n) = -2*n + 42. Determine s(k).
0
Let c(d) = -37*d**2 - 12*d + 32. Let s(a) = 22*a**2 + 7*a - 17. Let v(k) = 3*c(k) + 5*s(k). Calculate v(7).
-45
Let y be ((-6)/5 + 0)*-5. Let s(c) be the second derivative of c**4/12 - c**3/2 + 4*c**2 - 8951*c. Give s(y).
26
Let u(p) be the second derivative of -p**4/8 + 4*p**3/3 + 39*p**2/2 + 42*p. Let i(z) be the first derivative of u(z). Calculate i(7).
-13
Suppose 0 = f, 4*s + 58 = -5*f + 38. Let b(r) be the third derivative of r**4/8 + 2*r**3/3 + 2*r**2. Give b(s).
-11
Suppose 2 = -2*i - 2, 0 = -2*t - 2*i + 4. Let p(v) = -5*v + 2*v + t*v + 29 - 19. Suppose -259*a - 13 = -258*a - x, -4*x = 4*a + 20. Determine p(a).
1
Let g be 36/6 - (-1)/(-4)*4. Suppose g*z = -3*n - 51, n + 18 = -n + 2*z. Let j(v) = -v**2 - 13*v - 9. Calculate j(n).
3
Let t(r) be the first derivative of -2*r + 75 - 5/3*r**3 - 1/4*r**4 + 1/2*r**2. Give t(-3).
-23
Let c be 304/128 - (-6)/(-16). Let t(l) = 11*l**2 - 12 + 7*l + 18*l**c - 28*l**2. Calculate t(-9).
6
Let x(w) = 2. Let d(t) = -2*t + 17. Let j(m) = -2*d(m) + 18*x(m). Let n(a) = 17*a - 17. Let k(l) = 5*j(l) - n(l). Give k(-8).
3
Let w(x) = 2*x**2 - 24*x - 10. Suppose -416*k + 390*k = -338. What is w(k)?
16
Let i(y) = 48*y + 40887*y**2 - 81778*y**2 - 251 + 40889*y**2. What is i(16)?
5
Suppose -2*k = 8, -72 + 32 = -4*r + 5*k. Suppose -r*h - 23 = -63. Let d(a) = a**3 - 9*a**2 + 7*a + 6. What is d(h)?
-2
Let q(c) be the third derivative of c**6/120 - c**5/20 - c**4/6 - c**3/6 - 5*c**2. Suppose -20*b - 20 = -21*b - 4*t, b = -t + 8. What is q(b)?
-1
Let g(a) = -15*a - 6. Suppose 0 = -5*t + 4*w - 25, 4*w + 15 = -4*t - 5. What is g(t)?
69
Let k(h) = -2*h**2 + 23. Suppose -171*t = -773 - 82. Calculate k(t).
-27
Let d be -6*(4/6 - 57/18). Let m be (-48)/(-26) - (d/(-13) + 1). Suppose -17*g = -16*g - m. Let z(y) = -3*y**2 + 2*y + 1. Calculate z(g).
-7
Suppose -33*a = -10*a - 92. Let h(m) = 16*m**2 + m - 15. Let y(g) = -3*g**2 + 3. Let u(b) = 2*h(b) + 11*y(b). Calculate u(a).
-5
Let c(b) = 23*b - 10. Let l(a) = 10*a. Let x(s) = -3*c(s) + 6*l(s). What is x(5)?
-15
Let g(b) = -41*b - 71*b - 4 - 46*b + 204*b - 44*b. Suppose -14 = -c - 0*c. Suppose -2*h + 4 = 4*m - c, 5*m - 21 = -h. Give g(m).
4
Let g(j) = 8*j + 1. Let p be (-18)/(-81) + 440/(-36). Let h(y) = 2*y**2 + 26*y + 26. Let w be h(p). Give g(w).
17
Let r(l) = -l**2 + 700*l - 11604. Let a be r(17). Let t(u) = 6 + 1 + 0 + u. Give t(a).
14
Let x(f) = -5*f**2 + 3*f + 9. Let h(z) = 3*z**2 - z - 3. Let y(s) = 3*h(s) + x(s). Give y(2).
16
Let t(f) = 28*f + 110 + 1 - 112. Calculate t(1).
27
Let v(r) = -2*r - 24. Let c be 517/(-44) - 3 - (-18)/(-8). Give v(c).
10
Let j(c) be the second derivative of 7*c**3/6 - 152*c**2 - 537*c + 1. Give j(43).
-3
Let t(y) be the first derivative of -y**4 - 4*y**3/3 + y**2 - 2775. Determine t(-2).
12
Let y(s) = -14*s + 17. Let x(q) = -1. Let c(r) = 2*x(r) - y(r). What is c(-4)?
-75
Let h(q) = q**3 + 59*q**2 + 402*q - 309. Let s be h(-51). Let w(g) = -2*g**3 - 5*g**2 + 6*g - 2. Calculate w(s).
-11
Let v(t) = 156*t - 149*t + 35310 - t**2 - 35314. Suppose 2*g + h - 3*h - 12 = 0, -4*g + 24 = -5*h. Determine v(g).
2
Let i = -202 - -588. Let q = -380 + i. Let d(j) = -j**3 + 8*j**2 - 7*j - 4. What is d(q)?
26
Let j(o) = -4*o + 5. Let y = -3573 + 3577. Calculate j(y).
-11
Let d(w) be the first derivative of 17*w**2/2 - 840. Let q(f) = f**2 + 3*f - 5. Let r be q(-4). Calculate d(r).
-17
Let f(m) = 2*m**2 + 107. Let n(k) = -9*k**2 - 3*k - 428. Let j(u) = -4*f(u) - n(u). Let p = -4 - 2. Calculate j(p).
18
Let g(h) be the second derivative of h**5/20 + h**4/2 + h**3/6 - 13*h**2 + 2*h - 1. Give g(-5).
-6
Let a = 14 + -13. Let u be a*0/(1 - 0). Suppose 3*q + q + 24 = u. Let t(w) = w + 7. Give t(q).
1
Let v(i) = -68*i + 95. Let n(r) = 98*r - 142. Let f(h) = 9*n(h) + 13*v(h). What is f(-25)?
7
Let g(d) = 5*d**2 - 16*d + 2. Let r be g(4). Suppose -2*u - r = -10*m + 8*m, -u = -2*m + 6. Let c(w) = -w**3 - 12*w**2 + w + 11. Determine c(u).
-1
Let s(o) = 3*o + o - 11 - 4*o + 6*o - 7*o. Let f(v) = -v**2 - 2*v + 2. Let r be f(0). Suppose r*k + k = -x - 19, 2*x 